t are the prime factors of 448618874?
2, 11, 168527
What are the prime factors of 30396996?
2, 3, 7, 120623
What are the prime factors of 647086055?
5, 7, 11, 1680743
List the prime factors of 365204524.
2, 91301131
What are the prime factors of 5450694?
2, 3, 908449
What are the prime factors of 69983460?
2, 3, 5, 19, 359
List the prime factors of 48377929.
661, 73189
What are the prime factors of 205879287?
3, 68626429
What are the prime factors of 1026609805?
5, 13, 19, 491, 1693
List the prime factors of 78572041.
101, 499, 1559
List the prime factors of 46024443.
3, 189401
List the prime factors of 2447908460.
2, 5, 122395423
List the prime factors of 6280798079.
45121, 139199
List the prime factors of 6867882446.
2, 257, 13361639
What are the prime factors of 1459423559?
11, 457, 290317
What are the prime factors of 2625153156?
2, 3, 72920921
List the prime factors of 3610541461.
25903, 139387
List the prime factors of 540256399.
29, 47, 396373
List the prime factors of 169713142.
2, 17, 4991563
What are the prime factors of 33830952?
2, 3, 17, 283, 293
What are the prime factors of 2611143658?
2, 113, 11553733
What are the prime factors of 209894113?
11, 13, 23, 4909
List the prime factors of 2170997206.
2, 7, 17, 9121837
List the prime factors of 4074458564.
2, 11, 107, 307, 2819
List the prime factors of 1468819977.
3, 489606659
List the prime factors of 330206500.
2, 5, 13, 37, 1373
List the prime factors of 5451865371.
3, 17, 35633107
What are the prime factors of 81927964?
2, 17, 1204823
What are the prime factors of 117655624?
2, 14706953
List the prime factors of 102803415.
3, 5, 11, 13, 4357
List the prime factors of 46231317.
3, 11, 53, 89
What are the prime factors of 64297120?
2, 5, 37, 10861
List the prime factors of 925495705.
5, 29, 1907, 3347
List the prime factors of 19129871.
2477, 7723
List the prime factors of 128905003.
37, 3483919
List the prime factors of 266445799.
157, 1697107
List the prime factors of 79373102.
2, 17, 2334503
What are the prime factors of 528184620?
2, 3, 5, 37, 71, 1117
What are the prime factors of 1491044177?
7, 17, 53, 33773
What are the prime factors of 107032030?
2, 5, 7, 1529029
List the prime factors of 2743953612.
2, 3, 17, 373, 36061
What are the prime factors of 248301461?
131, 179, 10589
List the prime factors of 657671960.
2, 5, 11, 1494709
What are the prime factors of 156387939?
3, 359, 145207
List the prime factors of 29038485.
3, 5, 7, 276557
List the prime factors of 2733429770.
2, 5, 2027, 134851
List the prime factors of 288254896.
2, 29, 621239
List the prime factors of 1023701228.
2, 11, 19, 739, 1657
List the prime factors of 468744010.
2, 5, 7, 6696343
List the prime factors of 22866029.
2707, 8447
What are the prime factors of 168618279?
3, 56206093
List the prime factors of 588043280.
2, 5, 11, 131, 5101
List the prime factors of 235699321.
11, 13, 53, 137, 227
List the prime factors of 1130969220.
2, 3, 5, 367, 51361
What are the prime factors of 46964948?
2, 17, 690661
What are the prime factors of 1814280192?
2, 3, 257, 383
List the prime factors of 75979015.
5, 7, 2170829
What are the prime factors of 607411101?
3, 11, 433, 42509
List the prime factors of 4031644403.
457, 8821979
What are the prime factors of 116347702?
2, 3691, 15761
List the prime factors of 41377194.
2, 3, 631, 3643
What are the prime factors of 120799038?
2, 3, 41, 181, 2713
List the prime factors of 886599135.
3, 5, 6567401
What are the prime factors of 28973548?
2, 7243387
What are the prime factors of 2324691464?
2, 157, 1117, 1657
List the prime factors of 166214617.
211, 787747
What are the prime factors of 27361868?
2, 613, 11159
List the prime factors of 3508583692.
2, 17, 41, 74027
What are the prime factors of 29970342?
2, 3, 181, 9199
List the prime factors of 3282925.
5, 131317
What are the prime factors of 211424242?
2, 6577, 16073
List the prime factors of 766467437.
766467437
List the prime factors of 151804540.
2, 5, 7590227
What are the prime factors of 6160306531?
113, 457, 119291
List the prime factors of 97302163.
7, 29, 43, 71, 157
What are the prime factors of 29832362?
2, 7, 1381, 1543
What are the prime factors of 1822095391?
41, 4583, 9697
List the prime factors of 14425915.
5, 7, 349, 1181
List the prime factors of 1684890012.
2, 3, 13, 151, 71527
List the prime factors of 5919653656.
2, 7, 105708101
List the prime factors of 144917742.
2, 3, 24152957
What are the prime factors of 3260379711?
3, 71, 15306947
List the prime factors of 78554646.
2, 3, 4364147
List the prime factors of 5614466381.
29, 241, 27701
What are the prime factors of 2503535034?
2, 3, 7, 11, 13, 416839
List the prime factors of 4382654728.
2, 547831841
List the prime factors of 2488393046.
2, 23, 109, 496289
List the prime factors of 141643050.
2, 3, 5, 79, 11953
List the prime factors of 1464962903.
1464962903
List the prime factors of 239422938.
2, 3, 39903823
List the prime factors of 38676686.
2, 19338343
List the prime factors of 340246443.
3, 79, 109, 13171
List the prime factors of 866281098.
2, 3, 19, 29, 157, 1669
What are the prime factors of 26914660?
2, 5, 1345733
List the prime factors of 57571685.
5, 11514337
List the prime factors of 98971088.
2, 631, 9803
List the prime factors of 1590934976.
2, 181, 137339
List the prime factors of 6605984190.
2, 3, 5, 13, 107, 158303
List the prime factors of 1225797585.
3, 5, 6197, 13187
List the prime factors of 185481504.
2, 3, 13, 107, 463
What are the prime factors of 204149810?
2, 5, 43, 223, 2129
List the prime factors of 131134376.
2, 16391797
What are the prime factors of 13486912?
2, 359, 587
List the prime factors of 2207346738.
2, 3, 313, 1175371
List the prime factors of 3049028130.
2, 3, 5, 107, 949853
List the prime factors of 232502190.
2, 3, 5, 1481, 5233
What are the prime factors of 35749191?
3, 137, 86981
What are the prime factors of 2013023839?
17, 118413167
What are the prime factors of 46114467?
3, 7, 191, 11497
List the prime factors of 35350220.
2, 5, 313, 5647
What are the prime factors of 45492864?
2, 3, 118471
What are the prime factors of 361724517?
3, 7, 11, 74567
List the prime factors of 382803807.
3, 17, 97, 223, 347
List the prime factors of 2691758861.
11, 19, 31, 179, 211
What are the prime factors of 484902302?
2, 242451151
What are the prime factors of 17472434?
2, 7, 1248031
What are the prime factors of 2556993641?
2556993641
List the prime factors of 66064470.
2, 3, 5, 2202149
What are the prime factors of 102849652?
2, 23, 1117931
What are the prime factors of 340668741?
3, 7, 16222321
What are the prime factors of 219406374?
2, 3, 11, 37, 67, 149
List the prime factors of 84320624.
2, 5270039
What are the prime factors of 177712634?
2, 11, 8077847
List the prime factors of 191545700.
2, 5, 109, 17573
List the prime factors of 871321192.
2, 7, 1583, 9829
What are the prime factors of 225144819?
3, 199, 41903
What are the prime factors of 665768301?
3, 11, 47, 9133
What are the prime factors of 7547335?
5, 23, 65629
List the prime factors of 20666051.
7, 2952293
What are the prime factors of 629610339?
3, 379, 553747
List the prime factors of 1913857213.
19, 100729327
List the prime factors of 4006527.
3, 7, 190787
List the prime factors of 3836625369.
3, 19, 47, 1432111
List the prime factors of 12777301.
31, 412171
What are the prime factors of 230329600?
2, 5, 17, 29, 73
List the prime factors of 5777115368.
2, 7591, 95131
List the prime factors of 1452689397.
3, 311, 57667
What are the prime factors of 473439621?
3, 67, 101, 23321
List the prime factors of 173617227.
3, 7, 2755829
List the prime factors of 64871102.
2, 41, 791111
What are the prime factors of 53295452?
2, 7, 1903409
List the prime factors of 479162111.
10331, 46381
List the prime factors of 94945070.
2, 5, 11, 78467
List the prime factors of 31065373.
1087, 28579
What are the prime factors of 67724395?
5, 13544879
List the prime factors of 16834468.
2, 7, 601231
What are the prime factors of 10770079?
199, 54121
What are the prime factors of 125546280?
2, 3, 5, 31, 33749
List the prime factors of 2794535499.
3, 7, 133073119
List the prime factors of 43186765.
5, 2129, 4057
List the prime factors of 358596219.
3, 89, 1343057
What ar